mon divisor of 23 and d?
23
Suppose 10*d - 4*d - 108 = 0. Suppose 0 = w - 4*w - 2*h + d, 2*w + 3*h - 17 = 0. What is the highest common divisor of 32 and w?
4
Let a(t) = t**2 - 5*t - 2. Let d be a(6). Suppose 0*c + d = 2*c. Suppose -c*i + 14 = -2*n + 4, 0 = -2*n + 2. Calculate the greatest common divisor of i and 66.
6
Suppose j - 10 = -k + 6*j, 2*k = j + 2. Suppose -5*o + 3 - 28 = k. Let x be 31 - (-3)/(o + 2). Calculate the greatest common divisor of x and 6.
6
Let t be 87/27 + (-2)/9. Suppose 5*q - 40 = n, t*q = 4*q + 3*n - 8. What is the greatest common factor of 88 and q?
8
Suppose -1 = -2*p + 7. Let z(y) = -y**3 + 4*y**2 + 2. Let m be z(p). Calculate the greatest common divisor of m and 14.
2
Let k(n) = n + 8. Suppose 3 = 3*x - 3*v + 30, 0 = -3*x - 2*v - 12. Let t be k(x). Let b = 28 - 10. What is the highest common factor of b and t?
2
Suppose 105 = 8*x - 3*x. Let j = 0 - 6. Let d be x/(-2)*4/j. Calculate the greatest common divisor of 77 and d.
7
Suppose -2 = 6*c - 8. Let t = -3 + 23. Suppose 5*k = -5*b + 10, -4*k + 4*b = 2*b - t. Calculate the greatest common divisor of k and c.
1
Suppose -2*r + 4*j - 6 = 0, 2*r - 5*r - 3*j = -27. What is the highest common factor of r and 20?
5
Let m = 49 - 25. Calculate the greatest common factor of m and 60.
12
Let u be 5/4 + 2/(-8). Let s = 6 - 2. Suppose k = 2*k - 5*w - 29, -s*k + 31 = -3*w. What is the highest common factor of u and k?
1
Let t(l) = 3 + 7*l + 3 - 2. Let r be t(2). What is the highest common factor of 6 and r?
6
Let t be ((-5)/(-5))/(1/485). Let p = t + -296. What is the highest common factor of p and 27?
27
Suppose -30*p = -35*p + 160. What is the greatest common divisor of 224 and p?
32
Let a(t) = t**3 - 3*t**2. Let m be a(4). What is the highest common divisor of 80 and m?
16
Let b = -161 - -522. Let t = b - 242. Calculate the highest common factor of t and 17.
17
Suppose -5*c + 11 = -9. Suppose 0 = z - 2*z + 36. What is the highest common factor of c and z?
4
Suppose 0 = -2*q + q + 6. Let i be (-4)/6 + (-52)/(-6). Let y be (-1 + q/i)*-20. Calculate the greatest common factor of y and 35.
5
Let j = 91 + -41. Let p(m) = m**3 + m - 36. Let r be p(0). Let i = j + r. Calculate the highest common factor of 35 and i.
7
Suppose -4 = -3*r - r. Let j be 3 + (0 - (3 - 5)). Let f = j + r. What is the greatest common factor of f and 42?
6
Let y = -20 + 35. Calculate the highest common divisor of 5 and y.
5
Suppose 5*p = 4*r - 117 - 378, -15 = 5*p. Calculate the greatest common factor of 24 and r.
24
Let z be 7*(1 + 8/(-28)). Suppose 3*t - 3 = 0, 3*a + 2*t + 0*t - 11 = 0. Suppose 0 = -n - a*n + 100. What is the highest common divisor of z and n?
5
Let q = 7 + -3. Let t(v) = v**2 + 10*v + 2. Let n be t(-10). Calculate the greatest common divisor of n and q.
2
Let x(j) = j**3 + 12*j**2 - 5*j + 13. Let w be x(-11). Calculate the greatest common factor of w and 27.
27
Let l be -1 - (-46)/2 - 1. Let b(w) = -14*w + 21. Let h be b(0). What is the greatest common factor of h and l?
21
Suppose -2*n + 7*n = 4*w + 138, -3*n = 5*w - 68. Suppose a = 1 + 2. Suppose -53 = -z + 4*r, -a*r = r - 12. Calculate the highest common divisor of n and z.
13
Suppose 0 = -4*z, -7*d - 5*z + 605 = -2*d. Suppose 2*h - 57 = -5*q, -39 + 7 = -3*q + h. What is the greatest common factor of d and q?
11
Suppose -4*y + 5*v = -31 - 34, -5*v = y - 35. What is the greatest common factor of 10 and y?
10
Let s(q) be the first derivative of 5*q**3/3 + q**2 + 2*q - 4. Let g be s(4). Calculate the highest common divisor of g and 18.
18
Let c be (-142)/(-8) + (-1)/(-4). Suppose 0 = 3*r - 13 - 5. Calculate the highest common divisor of c and r.
6
Suppose -3*i = -5*q + 10, -4*i = q - 0*i - 2. Let d(z) = 11*z - 2. Let v be d(q). Calculate the greatest common factor of v and 50.
10
Let p = -8 + 13. Suppose -7*b = -p*b - 4. Suppose 0 = d - 3*g, -5*g + 14 = 4. What is the highest common divisor of d and b?
2
Suppose r - 6*r = -5. Let t be r - (1 - 0)*-108. Suppose -5*i - q + 161 = -2*i, 0 = 2*i + q - t. What is the greatest common divisor of 13 and i?
13
Let c be (-154)/(-6) - (-4)/(-6). Suppose -p = -5*y + 55, 0 = 3*y + p - c. Suppose 0 = -2*o + 240 - 60. What is the highest common divisor of o and y?
10
Suppose -77 - 91 = -8*t. Calculate the greatest common factor of 84 and t.
21
Let j(s) = -s**3 - 5*s**2. Let k be j(-5). Let l = 1 + k. Let n(p) = p**3 + 3*p**2 - 3*p + 2. Let f be n(-3). What is the highest common factor of l and f?
1
Let h = 15 - -3. What is the greatest common divisor of 9 and h?
9
Let g be 32*3*(-1)/(-2). Suppose 9 = 3*p - 3*w, -2*w - 2*w - 8 = 0. Let s = 11 + p. Calculate the highest common factor of g and s.
12
Suppose 0 = 5*f + 2*m - 28, 0*m - 3*m = -f - 8. Let a be (-6 + -1)*f/(-2). What is the greatest common divisor of 154 and a?
14
Suppose -4*w = 16, -4*q + w = -3*q - 70. What is the highest common divisor of 6 and q?
6
Let o be (2/(-6))/(2/(-6)). Let b be 6 + (o - (-1 + 1)). Suppose -t + b = k, 9 = -4*k + k. What is the greatest common factor of 10 and t?
10
Let m = -15 + 23. Calculate the highest common factor of m and 24.
8
Suppose -3*i = -35 - 1. Let h be 1 + 3 + -4 + 2 + 10. What is the highest common divisor of h and i?
12
Suppose 5*l = 4*l + 10. Let p be 21/12 + 1/4. Calculate the highest common divisor of l and p.
2
Suppose -2*v + h = -3, 0 = 4*v - v + 3*h - 9. Suppose v*t - 6*t = -288. Calculate the highest common factor of t and 48.
24
Suppose b - 88 - 138 = 0. Suppose 0 = 5*f - b - 194. Calculate the highest common factor of 12 and f.
12
Let u(h) = -h**3 - 5*h**2 - 4*h - 3. Let x be u(-5). Let b be 18/24 + 201/4. What is the greatest common divisor of b and x?
17
Suppose -3*s = -6*s + 4*r + 17, 0 = 4*s - 2*r - 26. Suppose 2 = 4*m - 2*m. What is the greatest common factor of s and m?
1
Suppose 0 = -2*i - 4 + 12. Suppose -183 + 39 = -i*v. Calculate the highest common divisor of 24 and v.
12
Let x(s) = s**2 - 4*s + 3. Suppose 0 = 2*b + 2 - 14. Let k be x(b). What is the greatest common divisor of 105 and k?
15
Let y(m) = -m**2 - m + 2. Suppose 2*h = -3*h. Let r be y(h). Suppose -3*i = -r*k + 130, 292 = 4*k - 2*i + 32. What is the highest common divisor of 26 and k?
13
Let t be (-2)/4*26*-9. What is the highest common divisor of t and 13?
13
Let x(h) = -h**2 - 6*h - 2. Let b be x(-4). What is the highest common divisor of 42 and b?
6
Let z(c) = c**3 + 20*c**2 + 33*c - 14. Let t be z(-18). Calculate the greatest common divisor of 30 and t.
10
Suppose m = 2*h - 4, -2*h + 5*m - 2*m + 4 = 0. Calculate the greatest common factor of h and 12.
2
Let q(d) = d + 9. Let v be q(-7). Suppose -36 = 4*j - 7*j. What is the highest common divisor of j and v?
2
Let x(k) = k**2 - 5*k - 22. Let g be x(8). Let o be (-1)/(52/54 - 1). Let m = o - 17. Calculate the greatest common factor of g and m.
2
Let p = 880 - 535. Suppose -29*m = -26*m - p. What is the highest common factor of m and 46?
23
Suppose -2*c = 2*h - 68, 4*c = -4*h + c + 135. Let f = 5 - -6. What is the greatest common divisor of h and f?
11
Let p = 84 - 51. Let b be 24 + (-2 + 1)*2. What is the highest common divisor of b and p?
11
Let c be ((-342)/(-11))/6 - (-4)/(-22). Calculate the highest common divisor of 5 and c.
5
Let a(l) = -l**3 - 270. Let c be a(0). Let b be (3 + -2)/((-2)/c). Calculate the greatest common divisor of 15 and b.
15
Let f = 7 + -3. Suppose -f*c + 12 = -c. Suppose 3*s - 12 = -3*a, -c*s = -5*a + 1 + 1. What is the highest common divisor of 18 and s?
2
Suppose -4*m + 313 + 191 = 0. Let o = 4 - -10. Calculate the highest common divisor of m and o.
14
Suppose 0 = 4*l - 20, 3 = o + 5*l - 25. Suppose -235 = -2*c + 5*b, b + 2 + o = 0. Suppose -521*g + 15 = -520*g. Calculate the greatest common factor of g and c.
15
Let w = -95 - -159. What is the greatest common divisor of w and 8?
8
Suppose -k - 2 = -58. Calculate the highest common divisor of k and 14.
14
Let p(k) = 4*k - 8. Let x be p(6). Calculate the highest common factor of 48 and x.
16
Let z(y) = 3*y - 8. Let a be z(12). What is the greatest common factor of 28 and a?
28
Let q(y) = y + 8. Let o be q(-4). Suppose 0 = -3*l + 21*l - 360. Calculate the highest common divisor of o and l.
4
Let d be (1*2*7)/((-8)/(-24)). What is the greatest common divisor of d and 21?
21
Let b(o) = 26*o - 